the remainder when 111 is divided by 82?
29
Calculate the remainder when 124 is divided by 13.
7
Calculate the remainder when 193 is divided by 86.
21
Calculate the remainder when 400 is divided by 99.
4
Calculate the remainder when 723 is divided by 187.
162
Calculate the remainder when 285 is divided by 32.
29
Calculate the remainder when 3777 is divided by 55.
37
Calculate the remainder when 343 is divided by 87.
82
What is the remainder when 9522 is divided by 3174?
0
Calculate the remainder when 98 is divided by 34.
30
Calculate the remainder when 3694 is divided by 33.
31
Calculate the remainder when 812 is divided by 39.
32
What is the remainder when 22 is divided by 12?
10
Calculate the remainder when 1002 is divided by 158.
54
What is the remainder when 141 is divided by 18?
15
Calculate the remainder when 12152 is divided by 143.
140
What is the remainder when 813 is divided by 48?
45
What is the remainder when 28591 is divided by 9?
7
Calculate the remainder when 334 is divided by 4.
2
Calculate the remainder when 292 is divided by 4.
0
Calculate the remainder when 47 is divided by 13.
8
Calculate the remainder when 148 is divided by 63.
22
Calculate the remainder when 732 is divided by 50.
32
What is the remainder when 1039 is divided by 51?
19
What is the remainder when 464 is divided by 101?
60
What is the remainder when 78 is divided by 45?
33
Calculate the remainder when 3246 is divided by 58.
56
What is the remainder when 595 is divided by 181?
52
Calculate the remainder when 483 is divided by 70.
63
Calculate the remainder when 230 is divided by 47.
42
What is the remainder when 1132 is divided by 54?
52
What is the remainder when 80 is divided by 39?
2
What is the remainder when 3161 is divided by 28?
25
What is the remainder when 153 is divided by 54?
45
Calculate the remainder when 2392 is divided by 240.
232
Calculate the remainder when 131 is divided by 28.
19
What is the remainder when 19 is divided by 5?
4
Calculate the remainder when 412 is divided by 143.
126
Calculate the remainder when 1801 is divided by 11.
8
Calculate the remainder when 398 is divided by 37.
28
What is the remainder when 253 is divided by 5?
3
What is the remainder when 16 is divided by 8?
0
What is the remainder when 8486 is divided by 48?
38
Calculate the remainder when 2633 is divided by 80.
73
What is the remainder when 9378 is divided by 113?
112
What is the remainder when 129 is divided by 23?
14
Calculate the remainder when 5960 is divided by 12.
8
What is the remainder when 157 is divided by 41?
34
Calculate the remainder when 167 is divided by 13.
11
What is the remainder when 4646 is divided by 75?
71
Calculate the remainder when 15782 is divided by 205.
202
Calculate the remainder when 257 is divided by 86.
85
Calculate the remainder when 236 is divided by 222.
14
What is the remainder when 263 is divided by 23?
10
Calculate the remainder when 64 is divided by 2.
0
What is the remainder when 629 is divided by 46?
31
What is the remainder when 3966 is divided by 199?
185
What is the remainder when 4115 is divided by 49?
48
Calculate the remainder when 1039 is divided by 114.
13
What is the remainder when 1853 is divided by 93?
86
Calculate the remainder when 2558 is divided by 102.
8
What is the remainder when 307 is divided by 21?
13
What is the remainder when 4558 is divided by 97?
96
What is the remainder when 3276 is divided by 11?
9
What is the remainder when 167 is divided by 122?
45
Calculate the remainder when 142 is divided by 59.
24
Calculate the remainder when 529 is divided by 28.
25
Calculate the remainder when 1826 is divided by 1.
0
What is the remainder when 437 is divided by 52?
21
What is the remainder when 981 is divided by 23?
15
Calculate the remainder when 188 is divided by 32.
28
Calculate the remainder when 87 is divided by 74.
13
Calculate the remainder when 690 is divided by 189.
123
What is the remainder when 33 is divided by 22?
11
What is the remainder when 130 is divided by 72?
58
Calculate the remainder when 421 is divided by 139.
4
What is the remainder when 663 is divided by 183?
114
What is the remainder when 5737 is divided by 287?
284
What is the remainder when 1070 is divided by 98?
90
What is the remainder when 103 is divided by 30?
13
What is the remainder when 425 is divided by 12?
5
Calculate the remainder when 193 is divided by 2.
1
Calculate the remainder when 364 is divided by 61.
59
Calculate the remainder when 232 is divided by 209.
23
Calculate the remainder when 23 is divided by 8.
7
What is the remainder when 14 is divided by 11?
3
What is the remainder when 84 is divided by 33?
18
What is the remainder when 195 is divided by 28?
27
Calculate the remainder when 699 is divided by 22.
17
What is the remainder when 303 is divided by 10?
3
What is the remainder when 802 is divided by 68?
54
Calculate the remainder when 955 is divided by 938.
17
Calculate the remainder when 809 is divided by 25.
9
What is the remainder when 5093 is divided by 56?
53
What is the remainder when 782 is divided by 2?
0
Calculate the remainder when 2085 is divided by 2.
1
Calculate the remainder when 1343 is divided by 666.
11
What is the remainder when 30779 is divided by 190?
189
What is the remainder when 2651 is divided by 17?
16
Calculate the remainder when 449 is divided by 113.
110
Calculate the remainder when 566 is divided by 72.
62
Calculate the remainder when 79 is divided by 14.
9
What is the remainder when 261 is divided by 29?
0
Calculate the remainder when 529 is divided by 53.
52
Calculate the remainder when 2786 is divided by 82.
80
What is the remainder when 1944 is divided by 48?
24
What is the remainder when 4046 is divided by 2015?
16
Calculate the remainder when 51 is divided by 22.
7
Calculate the remainder when 115 is divided by 36.
7
What is the remainder when 321 is divided by 35?
6
What is the remainder when 2649 is divided by 10?
9
Calculate the remainder when 266 is divided by 67.
65
What is the remainder when 39 is divided by 16?
7
What is the remainder when 289 is divided by 49?
44
What is the remainder when 221 is divided by 32?
29
Calculate the remainder when 4345 is divided by 106.
105
Calculate the remainder when 6814 is divided by 124.
118
What is the remainder when 59 is divided by 24?
11
Calculate the remainder when 461 is divided by 66.
65
Calculate the remainder when 615 is divided by 56.
55
Calculate the remainder when 1546 is divided by 7.
6
Calculate the remainder when 420 is divided by 8.
4
Calculate the remainder when 35 is divided by 20.
15
Calculate the remainder when 105 is divided by 24.
9
What is the remainder when 71 is divided by 29?
13
Calculate the remainder when 14584 is divided by 76.
68
What is the remainder when 1318 is divided by 40?
38
Calculate the remainder when 545 is divided by 39.
38
Calculate the remainder when 4177 is divided by 102.
97
Calculate the remainder when 292 is divided by 42.
40
What is the remainder when 51 is divided by 5?
1
What is the remainder when 323 is divided by 25?
23
What is the remainder when 99 is divided by 14?
1
What is the remainder when 3093 is divided by 43?
40
Calculate the remainder when 117 is divided by 31.
24
Calculate the remainder when 1238 is divided by 178.
170
What is the remainder when 57 is divided by 30?
27
Calculate the remainder when 371 is divided by 6.
5
Calculate the remainder when 28760 is divided by 49.
46
What is the remainder when 173 is divided by 97?
76
What is the remainder when 128 is divided by 43?
42
Calculate the remainder when 3613 is divided by 241.
239
Calculate the remainder when 581 is divided by 53.
51
Calculate the remainder when 145 is divided by 39.
28
Calculate the remainder when 295 is divided by 10.
5
What is the remainder when 102 is divided by 91?
11
What is the remainder when 4497 is divided by 18?
15
Calculate the remainder when 4202 is divided by 40.
2
What is the remainder when 71 is divided by 57?
14
Calculate the remainder when 134 is divided by 15.
14
What is the remainder when 214 is divided by 17?
10
Calculate the remainder when 80 is divided by 26.
2
What is the remainder when 815 is divided by 307?
201
Calculate the remainder when 6259 is divided by 29.
24
What i